
15
What is the greatest common factor of 174 and 6?
6
What is the highest common divisor of 712 and 512?
8
Calculate the highest common factor of 341 and 22.
11
Calculate the greatest common divisor of 61 and 2867.
61
What is the greatest common divisor of 49 and 9?
1
Calculate the highest common factor of 120 and 645.
15
Calculate the highest common divisor of 452 and 108.
4
What is the highest common divisor of 292 and 365?
73
Calculate the greatest common factor of 30 and 115.
5
What is the highest common divisor of 70 and 6286?
14
What is the highest common factor of 60 and 476?
4
Calculate the greatest common factor of 189 and 714.
21
Calculate the highest common divisor of 50 and 706.
2
What is the greatest common divisor of 390 and 120?
30
Calculate the highest common divisor of 4 and 378.
2
What is the greatest common divisor of 31 and 124?
31
What is the highest common factor of 2840 and 994?
142
Calculate the highest common factor of 1210 and 550.
110
Calculate the greatest common divisor of 440 and 20.
20
What is the highest common factor of 200 and 240?
40
Calculate the highest common divisor of 279 and 15.
3
What is the greatest common divisor of 330 and 165?
165
What is the greatest common factor of 8 and 692?
4
What is the greatest common factor of 2070 and 90?
90
What is the greatest common divisor of 36 and 27?
9
Calculate the greatest common divisor of 232 and 64.
8
Calculate the greatest common factor of 18079 and 101.
101
Calculate the highest common divisor of 858 and 156.
78
What is the highest common divisor of 52 and 2535?
13
Calculate the highest common divisor of 638 and 2668.
58
What is the greatest common divisor of 1632 and 510?
102
What is the greatest common factor of 1003 and 59?
59
What is the highest common divisor of 69 and 1127?
23
What is the greatest common divisor of 28950 and 225?
75
Calculate the highest common divisor of 1421 and 147.
49
Calculate the greatest common factor of 288 and 252.
36
What is the greatest common factor of 279 and 372?
93
Calculate the greatest common divisor of 609 and 21.
21
Calculate the greatest common factor of 22 and 187.
11
Calculate the greatest common factor of 299 and 52.
13
What is the highest common factor of 360 and 480?
120
Calculate the greatest common divisor of 98 and 6958.
98
What is the greatest common factor of 20 and 10?
10
Calculate the highest common factor of 15 and 21.
3
What is the greatest common factor of 93 and 3968?
31
Calculate the greatest common divisor of 22 and 121.
11
Calculate the greatest common factor of 2726 and 29.
29
Calculate the greatest common factor of 18 and 5040.
18
Calculate the greatest common divisor of 180 and 1332.
36
Calculate the greatest common factor of 184 and 46.
46
What is the greatest common factor of 2240 and 35?
35
What is the highest common factor of 32 and 4792?
8
Calculate the highest common factor of 41478 and 186.
186
What is the greatest common divisor of 864 and 352?
32
What is the greatest common factor of 6 and 10?
2
Calculate the greatest common divisor of 176 and 187.
11
Calculate the greatest common divisor of 168 and 280.
56
What is the greatest common divisor of 29 and 29?
29
Calculate the highest common divisor of 28 and 7609.
7
What is the greatest common divisor of 8016 and 16?
16
Calculate the greatest common factor of 20 and 145.
5
What is the greatest common factor of 18 and 171?
9
What is the greatest common factor of 20620 and 20?
20
What is the highest common factor of 12 and 76?
4
Calculate the highest common divisor of 36 and 4.
4
Calculate the highest common factor of 176 and 308.
44
Calculate the highest common factor of 209 and 121.
11
What is the highest common factor of 1755 and 39?
39
Calculate the highest common factor of 36 and 81.
9
Calculate the greatest common factor of 374 and 66.
22
What is the highest common factor of 11085 and 45?
15
Calculate the highest common divisor of 42578 and 122.
122
What is the highest common divisor of 30 and 18?
6
Calculate the highest common factor of 62 and 806.
62
What is the highest common divisor of 20 and 2500?
20
Calculate the highest common divisor of 161 and 575.
23
What is the greatest common divisor of 783 and 493?
29
What is the greatest common factor of 41 and 779?
41
What is the greatest common divisor of 36106 and 14?
14
What is the highest common factor of 2738 and 74?
74
Calculate the greatest common factor of 176 and 16984.
88
Calculate the highest common divisor of 3 and 339.
3
What is the highest common divisor of 4540 and 40?
20
Calculate the highest common divisor of 48 and 376.
8
Calculate the greatest common divisor of 4 and 452.
4
What is the greatest common divisor of 248 and 5?
1
What is the greatest common factor of 56 and 252?
28
Calculate the greatest common divisor of 70 and 100.
10
What is the highest common factor of 14 and 1442?
14
What is the greatest common divisor of 1375 and 11?
11
Calculate the highest common factor of 30 and 294.
6
Calculate the greatest common factor of 6 and 8238.
6
Calculate the highest common divisor of 162 and 378.
54
What is the highest common factor of 19 and 4712?
19
What is the highest common divisor of 120 and 160?
40
Calculate the highest common divisor of 48 and 48.
48
What is the highest common divisor of 351 and 36?
9
What is the highest common factor of 295 and 177?
59
Calculate the highest common divisor of 280 and 12768.
56
Calculate the highest common divisor of 145 and 10.
5
Calculate the greatest common factor of 50 and 50.
50
What is the highest common factor of 56 and 14?
14
What is the greatest common factor of 3630 and 18?
6
Calculate the greatest common divisor of 754 and 26.
26
What is the greatest common factor of 28 and 2?
2
What is the highest common factor of 231 and 66?
33
What is the greatest common factor of 12 and 3714?
6
What is the highest common factor of 77 and 1551?
11
What is the highest common divisor of 180 and 2304?
36
What is the greatest common divisor of 611 and 47?
47
Calculate the highest common factor of 470 and 40.
10
What is the greatest common factor of 429 and 1014?
39
Calculate the highest common factor of 18 and 41436.
18
Calculate the highest common divisor of 14319 and 3.
3
What is the greatest common factor of 192 and 78?
6
What is the highest common factor of 29 and 9?
1
Calculate the highest common divisor of 969 and 171.
57
Calculate the greatest common factor of 2312 and 544.
136
What is the greatest common factor of 18 and 222?
6
What is the highest common factor of 255 and 17?
17
What is the greatest common divisor of 1827 and 63?
63
Calculate the highest common factor of 209 and 22.
11
Calculate the highest common divisor of 728 and 312.
104
Calculate the highest common factor of 53 and 477.
53
Calculate the highest common divisor of 5022 and 18.
18
Calculate the greatest common divisor of 144 and 18.
18
What is the highest common factor of 196 and 532?
28
Calculate the highest common divisor of 54 and 45.
9
Calculate the highest common divisor of 3434 and 68.
34
What is the highest common divisor of 24 and 28104?
24
What is the highest common divisor of 315 and 1395?
45
Calculate the greatest common divisor of 2975 and 105.
35
Calculate the greatest common divisor of 30 and 894.
6
What is the highest common factor of 4 and 208?
4
What is the greatest common factor of 424 and 24?
8
Calculate the greatest common divisor of 549 and 4.
1
Calculate the greatest common factor of 84 and 7.
7
What is the greatest common divisor of 92 and 2668?
92
What is the greatest common divisor of 144 and 32?
16
What is the highest common divisor of 216 and 120?
24
Calculate the greatest common divisor of 402 and 54.
6
Calculate the highest common factor of 20 and 52.
4
What is the highest common factor of 196 and 98?
98
Calculate the highest common divisor of 705 and 45.
15
Calculate the greatest common factor of 9 and 10629.
9
Calculate the greatest common divisor of 27 and 297.
27
Calculate the highest common divisor of 40 and 32320.
40
Calculate the greatest common factor of 3392 and 742.
106
What is the highest common divisor of 1 and 29?
1
Calculate the greatest common factor of 175 and 200.
25
Calculate the greatest common divisor of 299